) = 3*n - 9. Calculate the remainder when 28 is divided by z(i).
13
Suppose 2*x - 3*t - 12 = 0, -x + 0*x + 3*t + 12 = 0. Suppose -3*d - 2 = -8. Suppose -16 = -d*w - x*w. Calculate the remainder when 15 is divided by w.
7
Let a(v) = -4*v - 1. Suppose 0 = 3*y - 4*o + o + 117, 4*y + 159 = o. Let c = y + 83. What is the remainder when c is divided by a(-4)?
13
Let o = 1 + 1. Let c(m) = m. Let a be c(5). Suppose 4 = -s + a*s. What is the remainder when o is divided by s?
0
Let z = 289 + -270. Suppose 370 = -2*x + 7*x. Calculate the remainder when x is divided by z.
17
Let j = 7 - 12. Let d = 6 + j. What is the remainder when 25 is divided by d*6 - (-5 + 2)?
7
Let i(x) = x**2 + x + 74. What is the remainder when i(0) is divided by (9/(-6))/(6/(-76))?
17
Suppose -i = -3*i + 68. What is the remainder when i is divided by 0 + 9*(0 + 2)?
16
Suppose -17 = 3*j + 25. Let n = -45 + 21. Let m = j - n. What is the remainder when m is divided by 4?
2
Suppose 84*w + 90 = 86*w. What is the remainder when 87 is divided by w?
42
Let i(f) = -7*f + 1. Let u be i(-2). Let q = 34 - u. Calculate the remainder when 37 is divided by q.
18
Suppose -84 = 5*i - 12*i. Calculate the remainder when 45 is divided by i.
9
Calculate the remainder when 100/450 + (-2300)/(-18) is divided by 13.
11
Let d(w) = -37*w - 7. Calculate the remainder when d(-1) is divided by 16.
14
Suppose -b - r = -0*b + 15, -35 = 3*b + 5*r. Let h be (-3)/15 - (-32)/10. What is the remainder when 14 is divided by b/(-12)*1*h?
4
Let h = 7 + 6. Suppose 4*s - 12 - 20 = 0. Calculate the remainder when h is divided by s.
5
Let p = 87 - 34. Calculate the remainder when p is divided by 18.
17
Let q be 171/27 + 1/(-3). Suppose 0 = l - 6*l + 15. Calculate the remainder when l is divided by (q/(-4))/((-3)/4).
1
Let x be 0*(-2 + (-5)/(-2)). Suppose x = -3*t - t + 180. Suppose 0 = 8*z - 12*z + 48. What is the remainder when t is divided by z?
9
Let x(j) = 5*j - 8. Calculate the remainder when 9 is divided by x(2).
1
Suppose -4*h = -h - 81. Suppose 5*x - h - 38 = 0. Calculate the remainder when 25 is divided by x.
12
Let d(p) = 9*p**2 - 2*p + 3. Let r = 327 - 307. Calculate the remainder when d(3) is divided by r.
18
Suppose -x = -0*x + 4*p - 20, 3*x + 2*p - 60 = 0. What is the remainder when 79 is divided by x?
19
Let l(s) = s**2 - 11*s + 2. Let v be l(11). Suppose 9 - 27 = -v*i. Calculate the remainder when 24 is divided by i.
6
Let c(b) = -b**2 - 5*b - 1. Let f be c(-4). What is the remainder when 4 is divided by 14/8 - f/(-12)?
0
Let k = 19 - 6. What is the remainder when 37 is divided by k?
11
Suppose -2*j + 100 = 2*j. Let i = -3 - -17. What is the remainder when j is divided by i?
11
Let j be 3 + (-2 - (0 + -1)). Suppose -6 = -j*n + 2. Suppose 0 = 5*x - 1 - n. Calculate the remainder when 2 is divided by x.
0
Let t(d) = d**2 + 4*d + 5. Let s be 6 - (0 + 2) - 0. Suppose -3*u + 6 = -s*u. What is the remainder when 49 is divided by t(u)?
15
Suppose 0 = 4*l - 0*l - 8. Suppose l*n - k = 53, 5 = -k - 0*k. What is the remainder when n is divided by (-2)/(-4)*(28 + -2)?
11
Let t be ((-2)/(-6))/((-1)/(-9)). Let g be -2 - (4*-2)/2. Suppose t*s = g*s + 37. What is the remainder when s is divided by 19?
18
Let h be 11/4*(-3 + -1). Suppose 0 = -2*d - 2*t + 19 + 1, 4*t + 2 = 3*d. What is the remainder when (h/2)/((-1)/2) is divided by d?
5
Let u = 6 + 5. What is the remainder when 4 + (-20 - -18)*(0 + -8) is divided by u?
9
Let z be 0/(-1) + (4 - 1). Suppose r - 3*u + u = 6, 4*r - 44 = z*u. Calculate the remainder when 26 is divided by r.
12
Let q = 85 + -152. Let l = 108 + q. Let b = 45 - 24. Calculate the remainder when l is divided by b.
20
Let m(d) = 3*d**2 - 2*d**2 - d + 20 + 0*d + 0*d**2. Suppose 0 = q - 4*q + 111. Calculate the remainder when q is divided by m(0).
17
Suppose 0 = -2*s - s + 15. Let r = s + -3. Suppose r*p = 3*p - 13. What is the remainder when p is divided by 4?
1
Let l be (-4)/(-28) - (-1300)/14. Let i = l - 61. What is the remainder when 95 is divided by i?
31
Suppose -6*b + 3*b + 18 = 0. Calculate the remainder when 1 + 1 + b/3 is divided by (-1*3)/(-1) - 1.
0
Suppose 0 = 2*c + c + 15. What is the remainder when 12/(1*-3)*c is divided by 7?
6
Let j(l) = -l**2 - 10*l + 5. What is the remainder when 57 is divided by j(-8)?
15
Let n(l) = -20*l + 5. Let g(f) = 7*f - 2. Let z(s) = -17*g(s) - 6*n(s). Calculate the remainder when (-3 - (-2)/1) + 14 is divided by z(4).
5
Suppose 4*n - n = 42. Calculate the remainder when n is divided by 8.
6
What is the remainder when 4*18 + 2 - (-48)/12 is divided by 23?
9
What is the remainder when 11 is divided by 14*(-1 - 12/(-8))?
4
Suppose 0 = -2*v + 2*n + n + 325, 5*n = 5. Calculate the remainder when v is divided by 55.
54
Suppose 2*r - 7*r = -190. Calculate the remainder when r is divided by 20.
18
Let p(c) = c**2 + 2*c + 1. Let i(l) = 5*l - 4. Calculate the remainder when i(4) is divided by p(-4).
7
Let j = 26 + -19. Calculate the remainder when ((-15)/2 + -2)*-2 is divided by j.
5
Let v = -20 + 25. Calculate the remainder when 7 is divided by v.
2
Suppose 2*h - h = 0. Suppose -3*n + 45 = -h*n. Calculate the remainder when n is divided by 6.
3
Let s = 46 + 6. Let p = s + -33. Calculate the remainder when p is divided by 10.
9
Let l = 18 - 14. Calculate the remainder when 5 is divided by l.
1
Suppose 7*m = 5*m + 46. What is the remainder when (106/8 + -2)*4 is divided by m?
22
Let w(z) = z**2 + z. Let h be w(0). Suppose h*g + 2*g = -4*s + 20, -5*s + 47 = -3*g. What is the remainder when s is divided by 4?
3
Let l(x) = x**3 + 5*x**2 - 2*x - 1. Let n be l(3). Suppose -n = -c - 4*c. Calculate the remainder when c is divided by 7.
6
Suppose -4*p - y = -265, p + y - 23 = 47. Calculate the remainder when p is divided by 23.
19
Suppose 3*g - 38 = 5*v - 2, 3*v + 60 = 5*g. What is the remainder when 38 is divided by g + (-3 - -2) + 2?
12
Let z(f) = -f**2 - 8*f - 5. Let x be z(-6). Suppose 0 = 5*t - x - 23. Calculate the remainder when -2 + (-5)/(15/(-57)) is divided by t.
5
Suppose -3*i + 3*r + 2 = -13, 0 = -i + 2*r. What is the remainder when 14/((-8)/(-28) - 0) is divided by i?
9
Let p(i) = i**2 + 8*i + 10. Suppose 53 - 8 = -5*x. Calculate the remainder when p(x) is divided by (0 - -2) + 1*8.
9
Let y be 13/4 + (-2)/8. Let k = y + -5. Let w = 3 + k. Calculate the remainder when w is divided by 1.
0
Let c = 5 - 3. Suppose -c*v - 3 + 9 = 0. Suppose -24 + 162 = v*l. Calculate the remainder when l is divided by 16.
14
Let l(x) be the second derivative of x**5/20 - 2*x**4/3 + 3*x**3/2 - 5*x**2/2 + 2*x. Calculate the remainder when 33 is divided by l(7).
6
Let f(w) = -w**2. Let c(n) = n**2 + 3*n - 2. Let y(p) = -c(p) - 3*f(p). What is the remainder when y(6) is divided by 15?
11
Let b(t) = -3*t - 6. Let d be b(-4). Let l = 4 + d. Let s = 0 - -4. What is the remainder when l is divided by s?
2
Suppose n + 4*n = 80. Let g be 9/6*16/6. Suppose 5*a = -2*q + 33, -g*q = -3*q + a - 12. Calculate the remainder when n is divided by q.
7
Suppose -5*y + 6 = -4. Let o be (-2 - 1)/((-18)/30). Calculate the remainder when 19/o - (-1)/5 is divided by y.
0
Let y(c) = -c**3 - c**2 - 7*c - 14. What is the remainder when y(-4) is divided by 32?
30
Let v(c) = -11*c - 2. What is the remainder when v(-7) is divided by 26?
23
Let v = 34 - 2. Let c = v + -30. Suppose -4 - 4 = -4*y. Calculate the remainder when y is divided by c.
0
Let d be (4 + -1)*5/(-3). Suppose -4*r - 14 = 2*q, 2*q - 13 = 2*r + 3*r. Calculate the remainder when 42 is divided by 0 + r + (-90)/d.
12
Suppose -2*u = -v, 2*v - 7*v = -2*u - 16. Suppose 16 = v*o - 28. What is the remainder when o is divided by 2 - -2 - (-2)/1?
5
Suppose 0 = 4*h + b - 3, -5*h - 2*b + 6*b + 9 = 0. What is the remainder when 0 - h - (-1 + -56) is divided by 19?
18
Let f = 15 + -12. Suppose 0 = 2*o + 5*d - 114, -2*o + 228 = 2*o - f*d. Calculate the remainder when o is divided by 15.
12
Let u = -1 - -4. Let y(s) = -4*s - s + s**2 + 0*s + 4*s - u. Calculate the remainder when 49 is divided by y(5).
15
Let c = 30 + -19. What is the remainder when 43 is divided by c?
10
Let k(a) = a + 15. Let r be k(-13). Suppose -5*y = -r + 27, -2*l = -2*y - 38. Calculate the remainder when 25 is divided by l.
11
Suppose -64 = -0*g - 4*g. Suppose 0 = 5*a - g - 4. Calculate th